{"id":1788,"date":"2026-03-03T12:07:02","date_gmt":"2026-03-03T12:07:02","guid":{"rendered":"https:\/\/warkdiva.nl\/?page_id=1788"},"modified":"2026-03-03T12:48:22","modified_gmt":"2026-03-03T12:48:22","slug":"elementor-pagina-1788","status":"publish","type":"page","link":"https:\/\/warkdiva.nl\/?page_id=1788","title":{"rendered":"Rayen"},"content":{"rendered":"\t\t<div data-elementor-type=\"wp-page\" data-elementor-id=\"1788\" class=\"elementor elementor-1788\">\n\t\t\t\t<div class=\"elementor-element elementor-element-5576db2 e-flex e-con-boxed e-con e-parent\" data-id=\"5576db2\" data-element_type=\"container\" data-e-type=\"container\">\n\t\t\t\t\t<div class=\"e-con-inner\">\n\t\t\t\t<div class=\"elementor-element elementor-element-1eafe34 elementor-widget elementor-widget-heading\" data-id=\"1eafe34\" data-element_type=\"widget\" data-e-type=\"widget\" data-widget_type=\"heading.default\">\n\t\t\t\t<div class=\"elementor-widget-container\">\n\t\t\t\t\t<h2 class=\"elementor-heading-title elementor-size-default\">Rayen<\/h2>\t\t\t\t<\/div>\n\t\t\t\t<\/div>\n\t\t\t\t\t<\/div>\n\t\t\t\t<\/div>\n\t\t<div class=\"elementor-element elementor-element-e399ffd e-flex e-con-boxed e-con e-parent\" data-id=\"e399ffd\" data-element_type=\"container\" data-e-type=\"container\">\n\t\t\t\t\t<div class=\"e-con-inner\">\n\t\t<div class=\"elementor-element elementor-element-39fe7a1 e-con-full e-flex e-con e-child\" data-id=\"39fe7a1\" data-element_type=\"container\" data-e-type=\"container\">\n\t\t\t\t<div class=\"elementor-element elementor-element-745c782 elementor-widget__width-initial elementor-widget elementor-widget-image\" data-id=\"745c782\" data-element_type=\"widget\" data-e-type=\"widget\" data-widget_type=\"image.default\">\n\t\t\t\t<div class=\"elementor-widget-container\">\n\t\t\t\t\t\t\t\t\t\t\t\t\t\t\t<img fetchpriority=\"high\" decoding=\"async\" width=\"768\" height=\"576\" src=\"https:\/\/warkdiva.nl\/wp-content\/uploads\/2024\/10\/MDTWebsite-768x576.jpg\" class=\"attachment-medium_large size-medium_large wp-image-186\" alt=\"\" srcset=\"https:\/\/warkdiva.nl\/wp-content\/uploads\/2024\/10\/MDTWebsite-768x576.jpg 768w, https:\/\/warkdiva.nl\/wp-content\/uploads\/2024\/10\/MDTWebsite-300x225.jpg 300w, https:\/\/warkdiva.nl\/wp-content\/uploads\/2024\/10\/MDTWebsite-1024x768.jpg 1024w, https:\/\/warkdiva.nl\/wp-content\/uploads\/2024\/10\/MDTWebsite-1536x1152.jpg 1536w, https:\/\/warkdiva.nl\/wp-content\/uploads\/2024\/10\/MDTWebsite-2048x1536.jpg 2048w\" sizes=\"(max-width: 768px) 100vw, 768px\" \/>\t\t\t\t\t\t\t\t\t\t\t\t\t\t\t<\/div>\n\t\t\t\t<\/div>\n\t\t\t\t<\/div>\n\t\t<div class=\"elementor-element elementor-element-de96270 e-con-full e-flex e-con e-child\" data-id=\"de96270\" data-element_type=\"container\" data-e-type=\"container\">\n\t\t\t\t<div class=\"elementor-element elementor-element-c46b28c elementor-widget elementor-widget-text-editor\" data-id=\"c46b28c\" data-element_type=\"widget\" data-e-type=\"widget\" data-widget_type=\"text-editor.default\">\n\t\t\t\t<div class=\"elementor-widget-container\">\n\t\t\t\t\t\t\t\t\t<div style=\"border: 0px; font-variant-numeric: inherit; font-variant-east-asian: inherit; font-variant-alternates: inherit; font-variant-position: inherit; font-variant-emoji: inherit; font-stretch: inherit; font-size: 12pt; line-height: inherit; font-family: Aptos, Aptos_EmbeddedFont, Aptos_MSFontService, Calibri, Helvetica, sans-serif; font-optical-sizing: inherit; font-size-adjust: inherit; font-kerning: inherit; font-feature-settings: inherit; font-variation-settings: inherit; font-language-override: inherit; margin: 1em 0px; padding: 0px; vertical-align: baseline;\" data-olk-copy-source=\"MessageBody\">Mijn naam is Rayen, 18 jaar en tweedejaars student Sociaal Werk aan het Graafschap College. <span style=\"font-family: inherit; font-size: inherit; font-style: inherit; font-variant-ligatures: inherit; font-variant-caps: inherit; font-weight: inherit;\">Ik ben half Nederlands en half Tunesisch, hou van fitness, basketbal en lezen, en werk parttime als sushi-bezorger. <\/span><span style=\"font-size: 12pt; font-variant-ligatures: inherit; font-variant-caps: inherit;\">Via mijn stage hoorde ik over Warkdiva.<\/span><\/div><p><!-- obsidian --><\/p><div style=\"border: 0px; font-variant-numeric: inherit; font-variant-east-asian: inherit; font-variant-alternates: inherit; font-variant-position: inherit; font-variant-emoji: inherit; font-stretch: inherit; font-size: 12pt; line-height: inherit; font-family: Aptos, Aptos_EmbeddedFont, Aptos_MSFontService, Calibri, Helvetica, sans-serif; font-optical-sizing: inherit; font-size-adjust: inherit; font-kerning: inherit; font-feature-settings: inherit; font-variation-settings: inherit; font-language-override: inherit; margin: 1em 0px; padding: 0px; vertical-align: baseline;\">Ons doel: ouderen helpen bij digitale vragen en uitleg geven over online fraude. Veel ouderen vinden het spannend om ergens op te klikken of weten niet hoe hun laptop goed werkt.<\/div><div style=\"border: 0px; font-variant-numeric: inherit; font-variant-east-asian: inherit; font-variant-alternates: inherit; font-variant-position: inherit; font-variant-emoji: inherit; font-stretch: inherit; font-size: 12pt; line-height: inherit; font-family: Aptos, Aptos_EmbeddedFont, Aptos_MSFontService, Calibri, Helvetica, sans-serif; font-optical-sizing: inherit; font-size-adjust: inherit; font-kerning: inherit; font-feature-settings: inherit; font-variation-settings: inherit; font-language-override: inherit; margin: 1em 0px; padding: 0px; vertical-align: baseline;\">Tijdens de bijeenkomsten gaf ik een presentatie en hielp ik ouderen \u00e9\u00e9n-op-\u00e9\u00e9n met vragen zoals inloggen, wachtwoorden of apps die niet goed werken.<\/div><div style=\"border: 0px; font-variant-numeric: inherit; font-variant-east-asian: inherit; font-variant-alternates: inherit; font-variant-position: inherit; font-variant-emoji: inherit; font-stretch: inherit; font-size: 12pt; line-height: inherit; font-family: Aptos, Aptos_EmbeddedFont, Aptos_MSFontService, Calibri, Helvetica, sans-serif; font-optical-sizing: inherit; font-size-adjust: inherit; font-kerning: inherit; font-feature-settings: inherit; font-variation-settings: inherit; font-language-override: inherit; margin: 1em 0px; padding: 0px; vertical-align: baseline;\"><p><!-- obsidian --><\/p><p>Ik heb geleerd dat een presentatie niet alleen informatie overbrengen is, maar een middel om te verbinden. Mensen worden opener en beginnen ook over hun priv\u00e9leven te praten. De gesprekken waren gezellig en waardevol.<\/p><p><!-- obsidian --><\/p><p><!-- obsidian --><\/p><p><span style=\"font-family: inherit; font-size: inherit; font-style: inherit; font-variant-ligatures: inherit; font-variant-caps: inherit; font-weight: inherit;\">Ga het gesprek aan.<\/span>\u00a0Zo leer je veel van elkaar.<\/p><\/div>\t\t\t\t\t\t\t\t<\/div>\n\t\t\t\t<\/div>\n\t\t\t\t<\/div>\n\t\t\t\t\t<\/div>\n\t\t\t\t<\/div>\n\t\t\t\t<\/div>\n\t\t","protected":false},"excerpt":{"rendered":"<p>Rayen Mijn naam is Rayen, 18 jaar en tweedejaars student Sociaal Werk aan het Graafschap College. Ik ben half Nederlands en half Tunesisch, hou van fitness, basketbal en lezen, en werk parttime als sushi-bezorger. Via mijn stage hoorde ik over Warkdiva. Ons doel: ouderen helpen bij digitale vragen en uitleg geven over online fraude. Veel [&hellip;]<\/p>\n","protected":false},"author":1,"featured_media":0,"parent":0,"menu_order":0,"comment_status":"closed","ping_status":"closed","template":"","meta":{"footnotes":""},"class_list":["post-1788","page","type-page","status-publish","hentry"],"blocksy_meta":[],"_links":{"self":[{"href":"https:\/\/warkdiva.nl\/index.php?rest_route=\/wp\/v2\/pages\/1788","targetHints":{"allow":["GET"]}}],"collection":[{"href":"https:\/\/warkdiva.nl\/index.php?rest_route=\/wp\/v2\/pages"}],"about":[{"href":"https:\/\/warkdiva.nl\/index.php?rest_route=\/wp\/v2\/types\/page"}],"author":[{"embeddable":true,"href":"https:\/\/warkdiva.nl\/index.php?rest_route=\/wp\/v2\/users\/1"}],"replies":[{"embeddable":true,"href":"https:\/\/warkdiva.nl\/index.php?rest_route=%2Fwp%2Fv2%2Fcomments&post=1788"}],"version-history":[{"count":23,"href":"https:\/\/warkdiva.nl\/index.php?rest_route=\/wp\/v2\/pages\/1788\/revisions"}],"predecessor-version":[{"id":1829,"href":"https:\/\/warkdiva.nl\/index.php?rest_route=\/wp\/v2\/pages\/1788\/revisions\/1829"}],"wp:attachment":[{"href":"https:\/\/warkdiva.nl\/index.php?rest_route=%2Fwp%2Fv2%2Fmedia&parent=1788"}],"curies":[{"name":"wp","href":"https:\/\/api.w.org\/{rel}","templated":true}]}}